.
5
Let r = -200 + 305. Calculate the remainder when r is divided by 53.
52
Suppose -4*l = 4*n - 752, 3*n = 9*l - 14*l + 570. Calculate the remainder when n is divided by 54.
23
Suppose w = 37 + 25. Suppose w = f - 0*f. Calculate the remainder when f is divided by 16.
14
Let a be -2 - ((-3)/3 + -3). Let w = a + -1. Suppose 0 = -2*i + t + 32, i + 4*t = w + 33. What is the remainder when 35 is divided by i?
17
Let w be (-1 - -16)/(-3) + 261. Suppose 4*d - w = 4*b, -2*b + b = 2. Calculate the remainder when d is divided by 25.
12
Suppose 7*q + 27 = 69. Calculate the remainder when 16 is divided by q.
4
What is the remainder when (-1)/2 - (-1251)/18 is divided by 24?
21
Suppose 6*p - 780 = -0*p. Calculate the remainder when p is divided by 22.
20
Let n(l) = -2*l + 1. Let y be n(-2). Let o(z) = 2*z**2 - 11*z - 17. Let f be o(-7). Suppose -y*d = -f + 23. Calculate the remainder when 106 is divided by d.
25
Suppose 10 = -2*u + 14. Suppose w + 4*x - 14 = 0, -87 = -5*w + u*w - 3*x. What is the remainder when w is divided by 9?
7
Suppose -70*r = -5*s - 71*r + 365, 0 = 2*s - 4*r - 146. What is the remainder when 435 is divided by s?
70
Suppose 0 = p + 2*p. Let s be (p + (-20)/12)*-3. Suppose 0 = -s*a + 110 - 0. What is the remainder when a is divided by 12?
10
Let b = 2 + 1. Suppose b*i + 2 = 2*i. Let l = 47 + i. What is the remainder when l is divided by 16?
13
Let u be 9*(2 - 5/3). Suppose 13 - 83 = -4*k - h, u*k - 5*h = 41. Let z = k - 6. What is the remainder when z is divided by 7?
4
Let a = -15 + 19. Suppose 3*r = -5*b - 137, 12 + 179 = -a*r - 5*b. What is the remainder when (r/5)/(14/(-105)) is divided by 21?
18
Suppose -5*v = 2*j - 59 + 206, 25 = -v + 4*j. Let n = 32 + -49. Let h = n - v. Calculate the remainder when 47 is divided by h.
11
Suppose -z + 24 = -0*z. Let d be 3 + -1 + -2 + z. Suppose -3*v - t - 4*t = -d, -2*t = -6. Calculate the remainder when v is divided by 1.
0
Suppose 2*k + 4*d - 308 = 0, 3*d = -3*k + 68 + 391. Let g = -91 + k. Calculate the remainder when g is divided by 9.
7
Suppose 0 = 4*d - 8 - 8. Suppose m - 2*m + 4*h + 24 = 0, h = d*m - 66. What is the remainder when 47 is divided by m?
15
Let o be (-48)/(-10) - 1/(-5). Suppose -43 = -3*k + z, o*k + z - 26 = 35. Let a = -25 - -30. Calculate the remainder when k is divided by a.
3
Suppose -31*h = -26*h - 1585. Suppose -5*t + j + 788 = 2*j, h = 2*t + j. What is the remainder when t is divided by 32?
29
Let y(o) = -o + 28. Let z be y(6). Suppose 8*w = 7*w - 5*f - z, -4*w = 4*f + 8. Calculate the remainder when 22 is divided by w.
1
Calculate the remainder when (-121)/(1*(0/(-3) + -1)) is divided by 25.
21
Let m(i) = -2*i**2 - 22*i - 9. Calculate the remainder when 251 is divided by m(-6).
47
Suppose 2*x - 210 = 4*r, 4*r - 20 + 16 = 0. What is the remainder when x is divided by 37?
33
Suppose 440 = 3*g - 8*g. Let p = -74 - g. Calculate the remainder when 40 is divided by p.
12
Suppose -3*g = 2*g - 55. Suppose -23*s + 19*s = -80. Let b = s + g. Calculate the remainder when 90 is divided by b.
28
Let i(b) = 10*b + 72. What is the remainder when 58 is divided by i(-6)?
10
Let h = 30 + -31. Calculate the remainder when 19 + (-1 - (h - -1)) is divided by 10.
8
Suppose 3*o - 1 + 7 = 0. Let x = -8 + o. Calculate the remainder when 51 is divided by 400/22 - x/(-55).
15
Suppose -11 = j - 6. What is the remainder when 145 is divided by ((-6)/j)/((-26)/(-455))?
19
Let p = 484 + -404. Calculate the remainder when 262 is divided by p.
22
Suppose -83*u + 75*u = -376. Calculate the remainder when 133 is divided by u.
39
Suppose 0*z = 10*z - 80. Let u = z + 25. Calculate the remainder when 196 is divided by u.
31
Suppose -224*q + 176 = -213*q. What is the remainder when 58 is divided by q?
10
Let r(h) = -h**2 - 5*h + 8. Suppose 3*z = -3 - 15. Let d be r(z). Calculate the remainder when (2 - d) + 58 + -3 is divided by 28.
27
Let g = -142 + 176. Calculate the remainder when 66 is divided by g.
32
Let l(c) = c + 6. Let p be l(-8). Let z be 7*(p + 48/14). What is the remainder when 13 is divided by ((-12)/z)/((-6)/20)?
1
Suppose 3*u = 74 - 32. Suppose 200 + 206 = u*o. What is the remainder when o is divided by 18?
11
Let g(f) = -2*f**3 + f**2 + f - 1. Let u be g(2). Let x = u + 22. Calculate the remainder when 6/14 - (-4650)/175 is divided by x.
5
Suppose 3*w - 304 = -5*u, 0 = -5*u + 3*w + 303 + 13. Calculate the remainder when u is divided by 18.
8
Let r(z) = 5*z + 67. Let c be r(-20). Let i = 30 - c. What is the remainder when i is divided by 17?
12
What is the remainder when 22 is divided by 4 + -1*(-17 + 2)?
3
Let b(j) = 3*j**3 - 19*j**2 + 15*j - 16. What is the remainder when b(7) is divided by 38?
35
Let t(u) = -u**3 + 17*u**2 - 15*u - 10. Calculate the remainder when 40 is divided by t(16).
4
Suppose 9*k = 12*k - 75. Suppose 396 = 28*l - k*l. What is the remainder when l is divided by 17?
13
Suppose 9*m - 14*m - 5 = 0, -m + 283 = d. Calculate the remainder when d is divided by 15.
14
Let f(o) = -o**3 - 15*o**2 - 17*o - 33. Calculate the remainder when 29 is divided by f(-14).
2
Let q = 55 - 30. Suppose 35 = 4*r - q. What is the remainder when 29 is divided by r?
14
Let b = 162 - 88. Let d = 2 + -2. Suppose r - 4 - 21 = d. What is the remainder when b is divided by r?
24
Suppose c = 25 - 60. Let w = c - -65. What is the remainder when w is divided by 8?
6
Suppose 0 = -o - 0*o + 2. Suppose 6 = 2*g, 2*j = -o*j + 5*g + 73. What is the remainder when 37 is divided by j?
15
Let k(f) = -f**3 - 16*f**2 + f + 31. Let l be k(-16). Suppose 0 = -2*u + 2*r + 24, u - l = r + r. Calculate the remainder when 44 is divided by u.
8
What is the remainder when 94 is divided by 43*2 + 105/(-21)?
13
Let j = 329 + -286. Calculate the remainder when j is divided by 32.
11
Suppose 4*x - o - 94 = 71, 3*o + 3 = 0. Calculate the remainder when 363 is divided by x.
35
Suppose -5*q = t - 2, 3*t = -2*t + 4*q + 10. Suppose 2 + t = -4*m. What is the remainder when 37 is divided by (2 - 6)*(m - 4)?
17
Let j be ((-6)/8)/(4/(-16)). Let q be j - (9/(-3))/(-3). Suppose -4*z = q*l + 7 - 37, -5*l + 45 = 4*z. Calculate the remainder when 14 is divided by l.
4
Let r be (27/(-12))/((-12)/32). Suppose -r*n + n = -4*p + 434, 4*n + 5*p = -380. Calculate the remainder when (n/(-25))/(4/30) is divided by 7.
6
What is the remainder when 26/(0 + 2 - 1) is divided by (-6 + 2)*((-27)/6 - -1)?
12
What is the remainder when 538 is divided by ((-381)/(-6) - 5) + 6/4?
58
Suppose -10*u + 8*u = -3*x + 57, 0 = 2*x - 2*u - 36. What is the remainder when 35 is divided by x?
14
Suppose 4*a - 7*a = 5*c - 502, 2*a + 2*c = 340. Calculate the remainder when a is divided by 22.
20
Let z be 2 + (-2 + 1)*-1. Suppose -4*k = -h + 5 - 2, h - z = 5*k. Suppose 0*p + h*p - 129 = 0. What is the remainder when p is divided by 11?
10
Suppose 15 = 5*o - 5*m, -5*m = 4*o - 2*m - 33. What is the remainder when 18 is divided by o?
0
Let u = -16 - -39. Let g(v) = v**3 + 7*v**2 + 5*v. Let m = -33 + 27. Calculate the remainder when u is divided by g(m).
5
Let t(s) = -22*s - 117. Calculate the remainder when t(-11) is divided by 14.
13
Let s = -22 - -46. Suppose -l + 2*w = l - s, -w = 3*l - 44. Calculate the remainder when 54 is divided by l.
12
Let b = 9 - 1. What is the remainder when b is divided by 8?
0
Suppose v = -4*k + 25, -2*v - 2*k + 0*k + 26 = 0. Suppose 0 = -0*t - 3*t + 72. Calculate the remainder when t is divided by v.
6
Suppose d + d = 2*h - 4, -5*d - 5*h + 40 = 0. Suppose -m - 26 = -d*o, 12 = o + 4*m - 14. What is the remainder when 98 is divided by o?
8
Calculate the remainder when 190/4*((-56)/(-10))/14 is divided by (22/(-4))/((-3)/6).
8
Suppose -3*z = -6*z - 2*c + 1361, -4*c = -4*z + 1828. Calculate the remainder when z is divided by 20.
15
Suppose 5*d + 18 = -2*q, -d = -0*q - 5*q + 9. Let g = 8 - 9. What is the remainder when q is divided by (g + 0)*(0 + -1)?
0
Let q(a) = -a**2 + 9*a - 2. Let s be q(8). Let c be (-2)/3 - s/(-9). Suppose c = r + r - 34. What is the remainder when 50 is divided by r?
16
Let f be (-2 + -5 + 1)*-1. Suppose f*z = -3*z + 90. What is the remainder when 59 is divided by z?
9
Let d(c) = c**2 + 9*c - 16. Let j be d(-7). Let i = j + 35. What is the remainder when 24 is divided by i?
4
Suppose 0 = o + 4*o + 50. Let u be 16 + (1 -